 + 2. Let v be d(7). List the prime factors of 6 - (8/2)/v.
2
Let s = 3 - 48. Let w be (-6)/((s/6)/5). Suppose 8 + 8 = w*o. List the prime factors of o.
2
Suppose 0*d = 4*d - 36. Let p(v) = -v - 5. Let k be p(-5). Suppose k = 2*x - 4*z - 1 - d, 4*z = 0. What are the prime factors of x?
5
Let w = -122 - -366. What are the prime factors of w?
2, 61
Suppose -3*z = -6*z + 27. Let j be (-4)/6*z/3. What are the prime factors of 1/(j/66*-3)?
11
Let w(u) = 7 + u - 2*u + 13*u**2 - 6*u**2 - 2 + u**3. What are the prime factors of w(-7)?
2, 3
Let h be 2*2/(-4)*-3. Suppose -h*f + 48 = f - 4*j, -5*f + 68 = -j. What are the prime factors of f?
2, 7
Suppose -6*x + 2*x + r + 18 = 0, 4*x - 28 = -4*r. Let h(n) = -n**3 + 4*n**2 + 6*n - 5. Let f be h(x). Suppose f*g = 3*g - 24. What are the prime factors of g?
2
Let l(a) = -a + 8. Let u be l(6). Let d be u/(3*6/27). Suppose d*g = 3 + 51. List the prime factors of g.
2, 3
Let z(t) = 8*t - 21. List the prime factors of z(5).
19
Let n(x) = x**2 + x. Let y be n(1). Suppose 0*p - y*p = -o + 22, 4*o = 5*p + 97. What are the prime factors of o?
2, 7
Suppose 4*k + 12 = 0, -2*f - 2*k = -5*f - 48. Let b = -7 - f. List the prime factors of b.
11
Let t = -9 + 14. Suppose 0 = 3*i - t*s - 97, -s + 3*s - 83 = -3*i. List the prime factors of i.
29
Suppose 8 + 2 = -5*w. List the prime factors of -5*(-9)/(-6)*w.
3, 5
Suppose 3*v - 42 - 20 = 2*h, -v + 44 = 4*h. List the prime factors of v.
2, 3
Suppose 0 = 2*p + 3*l - 278, 0 = -5*p - l + 2*l + 695. What are the prime factors of p?
139
List the prime factors of (0 + 12)*(13 - 9).
2, 3
Suppose -r - 20 = -5*s, -45 = -s - 4*s - 4*r. What are the prime factors of s?
5
What are the prime factors of (-550)/(-8) + (-5)/(-20)?
3, 23
Suppose -3*o - 9 = -5*s - 4, -3*s - 8 = -4*o. Suppose -s*j - 39 = 5*r, -3*j + r - 6 = -3*r. Let v(b) = -2*b - 3. What are the prime factors of v(j)?
3
Let s = 0 + -5. Let k = -2 - s. Suppose -r + k = -3. List the prime factors of r.
2, 3
Let m = 164 - -147. What are the prime factors of m?
311
Let f(o) = o - 5. Let g be f(9). Let i = 15 - g. List the prime factors of i.
11
Let n(a) = a**3 + 8*a**2 + 5*a. What are the prime factors of n(-4)?
2, 11
Let x be ((-2)/(-4) + -1)*2. Let y be x/(-1 + (-8)/(-10)). Suppose -5*s + 20 = y*t - 30, 2*t - 16 = -s. List the prime factors of t.
2, 3
Let k(d) = 4*d + 3. Let v be k(3). List the prime factors of 42/4*10/v.
7
Let j be -6 + 1 - 1 - -2. Suppose -6*r + 2*r - 5*z - 53 = 0, r + 4*z = -27. Let g = j - r. List the prime factors of g.
3
Suppose -4*m + 10 = 2. Suppose -m*y - 6 = 48. Let w = 38 + y. List the prime factors of w.
11
Suppose m - 8 = -0*m. List the prime factors of m.
2
Suppose -97 = 5*j + 178. Let o be 3/(-18) - j/6. What are the prime factors of 0*(-3)/o + 14?
2, 7
List the prime factors of (-47)/(-3) - 2/3.
3, 5
Let o be (3 + 9)/((-3)/2). List the prime factors of (o/(-5))/(2/10).
2
Suppose 18 = 2*c + c. Suppose -c*x + x + 75 = 0. List the prime factors of x.
3, 5
Let h be (-4)/(-10) - (-36)/10. Suppose -7*q + 15 = -h*q. Suppose -2*v - 3 = -5*u, v - q*u = -5 - 4. What are the prime factors of v?
2, 3
Let c(t) = -6*t**3 + 2*t**2 - 10*t + 14. Let b(m) = 0*m**2 + 1 - m**2 - m**3 + 0*m**2 + 0*m**3. Let q(f) = 5*b(f) - c(f). What are the prime factors of q(6)?
3, 5
Suppose -2*y - 1 + 17 = 0. Suppose 2*p = k + 4*p + y, -3*k + 16 = -4*p. Suppose -2*a + 10 = -k*a. List the prime factors of a.
5
Let f = -2 + 3. Let n = 8 + f. Let u(t) = t + 1. List the prime factors of u(n).
2, 5
Let d = 42 - 22. Let x be 6/15 - 172/(-20). Let s = d - x. List the prime factors of s.
11
Suppose 28 = 3*q - 35. List the prime factors of q.
3, 7
Let m(r) = -r**2 - 9*r - 5. Let y be m(-8). Suppose 2*j = 4*x - x - y, -5 = -5*j + 5*x. What are the prime factors of 32/j + 4/6?
2, 3
Let l = 0 - -2. Suppose 0 = 2*o + 2 - 6. Let a = l + o. List the prime factors of a.
2
Let a(b) = -b**2 - b + 2. Let i be a(0). Suppose 4*t - 2*c - 30 = 0, i*c + 11 + 25 = 5*t. List the prime factors of t.
2, 3
Let m be 26*5*4/(-10). Suppose 5*f - 18 = -2*u - 2*u, -u + 8 = 3*f. What are the prime factors of (m/(-6))/(f/3)?
13
Let z be (86/3 - 1)*3. Suppose 4*n = 4*g + 3*n - 73, 4*g = 3*n + z. What are the prime factors of g?
17
Suppose -n + 4*q = 3*q - 2, -5*q = -4*n + 3. Suppose -n = g - 0*g. List the prime factors of 57/21 - 2/g.
3
Let u(m) = -m**2 - 13*m + 27. What are the prime factors of u(-12)?
3, 13
Let l(o) = -o. Let h be l(-1). What are the prime factors of (5/10)/(h/24)?
2, 3
Suppose -9*r + 13*r = 264. What are the prime factors of r?
2, 3, 11
Suppose -7 - 3 = -5*p + v, -5*p = 5*v - 10. Let o(m) = -3*m + 2. Let h be o(p). List the prime factors of 2*5/h*-2.
5
Suppose s = -2*s. Suppose s*d = -d + 2. List the prime factors of d.
2
Suppose 0 = r - b + 10 + 2, b = -3. Let q = -22 - -12. Let x = q - r. List the prime factors of x.
5
Suppose 4*n - 59 = -5*c + 107, 2*n - 74 = 2*c. Suppose 0 = -2*t + 6, 4*f + t = -2*t - n. Let o = -7 - f. What are the prime factors of o?
5
Let x = 14 + 5. What are the prime factors of x?
19
Suppose 6*m - 175 = 11*m. Let y = -11 - m. List the prime factors of y.
2, 3
Let x(l) = -l**2 - 3*l - 3. Let d be x(-2). Let o(p) = -6*p - 1. List the prime factors of o(d).
5
Suppose h = 7*h - 132. List the prime factors of h.
2, 11
Suppose f = 2 + 2. List the prime factors of f.
2
Suppose 2 = -4*y + 5*y. Suppose -3*m = -y*m - 18. List the prime factors of m.
2, 3
Suppose 5*j - 5 - 40 = 0. List the prime factors of j.
3
Suppose 2*i + 3*i = 65. Suppose 0 = -3*a - 2*a - 45. Let v = i + a. What are the prime factors of v?
2
Let g be (-154)/(-10) - (-6)/(-15). Let a(o) = o**2 + 8*o + 3. Let i be a(-6). Let j = g + i. List the prime factors of j.
2, 3
Let y = 91 - 74. What are the prime factors of y?
17
List the prime factors of ((-66)/(-1))/(1 - 0/(-1)).
2, 3, 11
Let q = 8 - 5. Let d(x) be the first derivative of x**4/4 - 4*x**3/3 + 5*x**2/2 - 3*x + 3. What are the prime factors of d(q)?
3
Suppose 3*d - 1 = 11. Suppose d*r - 3*r = 7. List the prime factors of r.
7
Let y be (2/(-4))/(7/(-42)). Let f(g) = -g**3 + g. Let z be f(-1). Suppose 2 = y*n - n - 2*b, -2*n + 4*b = z. List the prime factors of n.
2
Suppose -5*f + 7*f = 42. Suppose -4*n - 3 = j + 18, -3*n = -j. Let c = f + j. List the prime factors of c.
2, 3
Suppose 0 = -f + 4*f - 189. What are the prime factors of f?
3, 7
Let a(b) = 12*b - 7. Let r be a(4). Let c = r - 28. What are the prime factors of c?
13
Let u = 68 - 41. What are the prime factors of u?
3
Let l = 15 - 11. Suppose 17 + 15 = l*y. What are the prime factors of y?
2
Let i(z) = 2*z - 10*z - 3 + 3*z. Suppose 4 = -2*k - 0*k. List the prime factors of i(k).
7
Suppose -4*c + 232 = 2*w, 4*c = -5*w + 138 + 106. What are the prime factors of c?
2, 7
Let l(i) be the second derivative of -i**5/4 - i**2/2 - i. Let a be l(-1). Suppose 0*c + 44 = a*c. What are the prime factors of c?
11
Let l = 195 - 57. List the prime factors of l.
2, 3, 23
Let o(m) = -m**3 - 11*m**2 - m + 9. Suppose 2 + 9 = -c. What are the prime factors of o(c)?
2, 5
Let o be -4*(-1)/10*5. Suppose 0 = -o*w + 1 + 7. Suppose w*q - 2*k + k = 17, 3*k + 7 = q. List the prime factors of q.
2
Suppose -w - 6 = 2*w. Let s be 1 - (14/w - -1). Let g(x) = -x**3 + 6*x**2 + 8*x + 3. What are the prime factors of g(s)?
2, 5
Let x = 51 - 34. List the prime factors of x.
17
List the prime factors of (12/(-7))/(8/(-140)).
2, 3, 5
Let t(u) = u**3 + 7*u**2 + 3*u - 5. Let w be t(-5). Let b = w - 9. What are the prime factors of b?
3, 7
Let m(f) = f**2 - 9*f - 10. Let q be (-18)/(-2) + 10 + -8. List the prime factors of m(q).
2, 3
What are the prime factors of (20/40)/(-1 + 299/298)?
149
Suppose -2*k + 7*k = -100. Let m = 6 - k. What are the prime factors of m?
2, 13
Let y(c) = -9*c**3 + 4*c**2 + 5*c + 3. Let q be y(-2). Suppose 4*v = v + q. What are the prime factors of v?
3
List the prime factors of (-2 + 0 - (-13 + 9)) + 28.
2, 3, 5
Suppose -1 = -5*m + 34. List the prime factors of m.
7
Let g = -237 - -458. List the prime factors of g.
13, 17
Suppose 3*g + 25 = 5*b, -6 = 2*g + 4*b - 4. Suppose s - 23 = -6. Let z = g + s. What are the prime factors of z?
2, 3
Let q(o) = 2*o - 9. Let f be q(6). Suppose 3*n - f*b = -2*n + 67, -5*n + 66 = -4*b. What are the prime factors of n?
2, 7
Let j